{"id":9,"date":"2018-03-22T07:30:22","date_gmt":"2018-03-22T07:30:22","guid":{"rendered":"http:\/\/poltorakstomatologia.pl\/?page_id=9"},"modified":"2025-04-18T11:33:13","modified_gmt":"2025-04-18T10:33:13","slug":"kontakt-gabinet-stomatologiczny-kielce","status":"publish","type":"page","link":"https:\/\/poltorakstomatologia.pl\/index.php\/kontakt-gabinet-stomatologiczny-kielce\/","title":{"rendered":"Lokalizacja"},"content":{"rendered":"<p>&nbsp;<\/p>\n<p><strong>Adres\/mail<\/strong><br \/>\nul. Warszawska 218E, 25-414 Kielce<\/p>\n<p><a href=\"mailto:gabinet218e@gmail.com\">gabinet218e@gmail.com<\/a><\/p>\n<p><iframe loading=\"lazy\" style=\"border: 0;\" src=\"https:\/\/www.google.com\/maps\/embed?pb=!1m18!1m12!1m3!1d629.1259083720989!2d20.662497129238826!3d50.89589659872122!2m3!1f0!2f0!3f0!3m2!1i1024!2i768!4f13.1!3m3!1m2!1s0x4718264d3844c431%3A0x1068a6d30e9e6843!2sGabinet+Stomatologiczno+-+Protetyczny+Konrad+P%C3%B3%C5%82torak!5e0!3m2!1spl!2spl!4v1521726456015\" width=\"600\" height=\"450\" frameborder=\"0\" allowfullscreen=\"allowfullscreen\"><\/iframe><\/p>\n","protected":false},"excerpt":{"rendered":"<p>&nbsp; Adres\/mail ul. Warszawska 218E, 25-414 Kielce gabinet218e@gmail.com<\/p>\n","protected":false},"author":1,"featured_media":48,"parent":0,"menu_order":0,"comment_status":"closed","ping_status":"closed","template":"","meta":{"footnotes":""},"class_list":["post-9","page","type-page","status-publish","has-post-thumbnail","hentry"],"yoast_head":"<!-- This site is optimized with the Yoast SEO plugin v27.1.1 - https:\/\/yoast.com\/product\/yoast-seo-wordpress\/ -->\n<title>Lokalizacja - Gabinet stomatologiczno-protetyczny<\/title>\n<meta name=\"description\" content=\"Um\u00f3w wizyt\u0119 u stomatologa w Kielcach. Sprawd\u017a adres, mapk\u0119 dojazdu, godziny otwarcia.\" \/>\n<meta name=\"robots\" content=\"index, follow, max-snippet:-1, max-image-preview:large, max-video-preview:-1\" \/>\n<link rel=\"canonical\" href=\"https:\/\/poltorakstomatologia.pl\/index.php\/kontakt-gabinet-stomatologiczny-kielce\/\" \/>\n<meta property=\"og:locale\" content=\"pl_PL\" \/>\n<meta property=\"og:type\" content=\"article\" \/>\n<meta property=\"og:title\" content=\"Lokalizacja - Gabinet stomatologiczno-protetyczny\" \/>\n<meta property=\"og:description\" content=\"Um\u00f3w wizyt\u0119 u stomatologa w Kielcach. Sprawd\u017a adres, mapk\u0119 dojazdu, godziny otwarcia.\" \/>\n<meta property=\"og:url\" content=\"https:\/\/poltorakstomatologia.pl\/index.php\/kontakt-gabinet-stomatologiczny-kielce\/\" \/>\n<meta property=\"og:site_name\" content=\"Gabinet stomatologiczno-protetyczny\" \/>\n<meta property=\"article:publisher\" content=\"https:\/\/www.facebook.com\/PoltorakStomatologia\" \/>\n<meta property=\"article:modified_time\" content=\"2025-04-18T10:33:13+00:00\" \/>\n<meta property=\"og:image\" content=\"https:\/\/poltorakstomatologia.pl\/wp-content\/uploads\/2018\/03\/MG_9501-1024x683.jpg\" \/>\n\t<meta property=\"og:image:width\" content=\"1024\" \/>\n\t<meta property=\"og:image:height\" content=\"683\" \/>\n\t<meta property=\"og:image:type\" content=\"image\/jpeg\" \/>\n<meta name=\"twitter:card\" content=\"summary_large_image\" \/>\n<meta name=\"twitter:label1\" content=\"Szacowany czas czytania\" \/>\n\t<meta name=\"twitter:data1\" content=\"1 minuta\" \/>\n<script type=\"application\/ld+json\" class=\"yoast-schema-graph\">{\"@context\":\"https:\/\/schema.org\",\"@graph\":[{\"@type\":\"WebPage\",\"@id\":\"https:\/\/poltorakstomatologia.pl\/index.php\/kontakt-gabinet-stomatologiczny-kielce\/\",\"url\":\"https:\/\/poltorakstomatologia.pl\/index.php\/kontakt-gabinet-stomatologiczny-kielce\/\",\"name\":\"Lokalizacja - Gabinet stomatologiczno-protetyczny\",\"isPartOf\":{\"@id\":\"https:\/\/poltorakstomatologia.pl\/#website\"},\"primaryImageOfPage\":{\"@id\":\"https:\/\/poltorakstomatologia.pl\/index.php\/kontakt-gabinet-stomatologiczny-kielce\/#primaryimage\"},\"image\":{\"@id\":\"https:\/\/poltorakstomatologia.pl\/index.php\/kontakt-gabinet-stomatologiczny-kielce\/#primaryimage\"},\"thumbnailUrl\":\"https:\/\/poltorakstomatologia.pl\/wp-content\/uploads\/2018\/03\/MG_9501.jpg\",\"datePublished\":\"2018-03-22T07:30:22+00:00\",\"dateModified\":\"2025-04-18T10:33:13+00:00\",\"description\":\"Um\u00f3w wizyt\u0119 u stomatologa w Kielcach. Sprawd\u017a adres, mapk\u0119 dojazdu, godziny otwarcia.\",\"breadcrumb\":{\"@id\":\"https:\/\/poltorakstomatologia.pl\/index.php\/kontakt-gabinet-stomatologiczny-kielce\/#breadcrumb\"},\"inLanguage\":\"pl-PL\",\"potentialAction\":[{\"@type\":\"ReadAction\",\"target\":[\"https:\/\/poltorakstomatologia.pl\/index.php\/kontakt-gabinet-stomatologiczny-kielce\/\"]}]},{\"@type\":\"ImageObject\",\"inLanguage\":\"pl-PL\",\"@id\":\"https:\/\/poltorakstomatologia.pl\/index.php\/kontakt-gabinet-stomatologiczny-kielce\/#primaryimage\",\"url\":\"https:\/\/poltorakstomatologia.pl\/wp-content\/uploads\/2018\/03\/MG_9501.jpg\",\"contentUrl\":\"https:\/\/poltorakstomatologia.pl\/wp-content\/uploads\/2018\/03\/MG_9501.jpg\",\"width\":5616,\"height\":3744,\"caption\":\"gabinet dentysta Konrad P\u00f3\u0142torak Kielce\"},{\"@type\":\"BreadcrumbList\",\"@id\":\"https:\/\/poltorakstomatologia.pl\/index.php\/kontakt-gabinet-stomatologiczny-kielce\/#breadcrumb\",\"itemListElement\":[{\"@type\":\"ListItem\",\"position\":1,\"name\":\"Strona g\u0142\u00f3wna\",\"item\":\"https:\/\/poltorakstomatologia.pl\/\"},{\"@type\":\"ListItem\",\"position\":2,\"name\":\"Lokalizacja\"}]},{\"@type\":\"WebSite\",\"@id\":\"https:\/\/poltorakstomatologia.pl\/#website\",\"url\":\"https:\/\/poltorakstomatologia.pl\/\",\"name\":\"Dentysta Kielce \u2013 Konrad P\u00f3\u0142torak | Stomatologia & Protetyka\",\"description\":\"Dr n. med. Konrad P\u00f3\u0142torak\",\"publisher\":{\"@id\":\"https:\/\/poltorakstomatologia.pl\/#organization\"},\"potentialAction\":[{\"@type\":\"SearchAction\",\"target\":{\"@type\":\"EntryPoint\",\"urlTemplate\":\"https:\/\/poltorakstomatologia.pl\/?s={search_term_string}\"},\"query-input\":{\"@type\":\"PropertyValueSpecification\",\"valueRequired\":true,\"valueName\":\"search_term_string\"}}],\"inLanguage\":\"pl-PL\"},{\"@type\":\"Organization\",\"@id\":\"https:\/\/poltorakstomatologia.pl\/#organization\",\"name\":\"Gabinet stomatologiczno-protetyczny Konrad P\u00f3\u0142torak\",\"url\":\"https:\/\/poltorakstomatologia.pl\/\",\"logo\":{\"@type\":\"ImageObject\",\"inLanguage\":\"pl-PL\",\"@id\":\"https:\/\/poltorakstomatologia.pl\/#\/schema\/logo\/image\/\",\"url\":\"https:\/\/poltorakstomatologia.pl\/wp-content\/uploads\/2025\/04\/Dodaj-naglowek-2.png\",\"contentUrl\":\"https:\/\/poltorakstomatologia.pl\/wp-content\/uploads\/2025\/04\/Dodaj-naglowek-2.png\",\"width\":940,\"height\":788,\"caption\":\"Gabinet stomatologiczno-protetyczny Konrad P\u00f3\u0142torak\"},\"image\":{\"@id\":\"https:\/\/poltorakstomatologia.pl\/#\/schema\/logo\/image\/\"},\"sameAs\":[\"https:\/\/www.facebook.com\/PoltorakStomatologia\",\"https:\/\/www.instagram.com\/konradpoltorak.dr\/\"]}]}<\/script>\n<!-- \/ Yoast SEO plugin. -->","yoast_head_json":{"title":"Lokalizacja - Gabinet stomatologiczno-protetyczny","description":"Um\u00f3w wizyt\u0119 u stomatologa w Kielcach. Sprawd\u017a adres, mapk\u0119 dojazdu, godziny otwarcia.","robots":{"index":"index","follow":"follow","max-snippet":"max-snippet:-1","max-image-preview":"max-image-preview:large","max-video-preview":"max-video-preview:-1"},"canonical":"https:\/\/poltorakstomatologia.pl\/index.php\/kontakt-gabinet-stomatologiczny-kielce\/","og_locale":"pl_PL","og_type":"article","og_title":"Lokalizacja - Gabinet stomatologiczno-protetyczny","og_description":"Um\u00f3w wizyt\u0119 u stomatologa w Kielcach. Sprawd\u017a adres, mapk\u0119 dojazdu, godziny otwarcia.","og_url":"https:\/\/poltorakstomatologia.pl\/index.php\/kontakt-gabinet-stomatologiczny-kielce\/","og_site_name":"Gabinet stomatologiczno-protetyczny","article_publisher":"https:\/\/www.facebook.com\/PoltorakStomatologia","article_modified_time":"2025-04-18T10:33:13+00:00","og_image":[{"width":1024,"height":683,"url":"https:\/\/poltorakstomatologia.pl\/wp-content\/uploads\/2018\/03\/MG_9501-1024x683.jpg","type":"image\/jpeg"}],"twitter_card":"summary_large_image","twitter_misc":{"Szacowany czas czytania":"1 minuta"},"schema":{"@context":"https:\/\/schema.org","@graph":[{"@type":"WebPage","@id":"https:\/\/poltorakstomatologia.pl\/index.php\/kontakt-gabinet-stomatologiczny-kielce\/","url":"https:\/\/poltorakstomatologia.pl\/index.php\/kontakt-gabinet-stomatologiczny-kielce\/","name":"Lokalizacja - Gabinet stomatologiczno-protetyczny","isPartOf":{"@id":"https:\/\/poltorakstomatologia.pl\/#website"},"primaryImageOfPage":{"@id":"https:\/\/poltorakstomatologia.pl\/index.php\/kontakt-gabinet-stomatologiczny-kielce\/#primaryimage"},"image":{"@id":"https:\/\/poltorakstomatologia.pl\/index.php\/kontakt-gabinet-stomatologiczny-kielce\/#primaryimage"},"thumbnailUrl":"https:\/\/poltorakstomatologia.pl\/wp-content\/uploads\/2018\/03\/MG_9501.jpg","datePublished":"2018-03-22T07:30:22+00:00","dateModified":"2025-04-18T10:33:13+00:00","description":"Um\u00f3w wizyt\u0119 u stomatologa w Kielcach. Sprawd\u017a adres, mapk\u0119 dojazdu, godziny otwarcia.","breadcrumb":{"@id":"https:\/\/poltorakstomatologia.pl\/index.php\/kontakt-gabinet-stomatologiczny-kielce\/#breadcrumb"},"inLanguage":"pl-PL","potentialAction":[{"@type":"ReadAction","target":["https:\/\/poltorakstomatologia.pl\/index.php\/kontakt-gabinet-stomatologiczny-kielce\/"]}]},{"@type":"ImageObject","inLanguage":"pl-PL","@id":"https:\/\/poltorakstomatologia.pl\/index.php\/kontakt-gabinet-stomatologiczny-kielce\/#primaryimage","url":"https:\/\/poltorakstomatologia.pl\/wp-content\/uploads\/2018\/03\/MG_9501.jpg","contentUrl":"https:\/\/poltorakstomatologia.pl\/wp-content\/uploads\/2018\/03\/MG_9501.jpg","width":5616,"height":3744,"caption":"gabinet dentysta Konrad P\u00f3\u0142torak Kielce"},{"@type":"BreadcrumbList","@id":"https:\/\/poltorakstomatologia.pl\/index.php\/kontakt-gabinet-stomatologiczny-kielce\/#breadcrumb","itemListElement":[{"@type":"ListItem","position":1,"name":"Strona g\u0142\u00f3wna","item":"https:\/\/poltorakstomatologia.pl\/"},{"@type":"ListItem","position":2,"name":"Lokalizacja"}]},{"@type":"WebSite","@id":"https:\/\/poltorakstomatologia.pl\/#website","url":"https:\/\/poltorakstomatologia.pl\/","name":"Dentysta Kielce \u2013 Konrad P\u00f3\u0142torak | Stomatologia & Protetyka","description":"Dr n. med. Konrad P\u00f3\u0142torak","publisher":{"@id":"https:\/\/poltorakstomatologia.pl\/#organization"},"potentialAction":[{"@type":"SearchAction","target":{"@type":"EntryPoint","urlTemplate":"https:\/\/poltorakstomatologia.pl\/?s={search_term_string}"},"query-input":{"@type":"PropertyValueSpecification","valueRequired":true,"valueName":"search_term_string"}}],"inLanguage":"pl-PL"},{"@type":"Organization","@id":"https:\/\/poltorakstomatologia.pl\/#organization","name":"Gabinet stomatologiczno-protetyczny Konrad P\u00f3\u0142torak","url":"https:\/\/poltorakstomatologia.pl\/","logo":{"@type":"ImageObject","inLanguage":"pl-PL","@id":"https:\/\/poltorakstomatologia.pl\/#\/schema\/logo\/image\/","url":"https:\/\/poltorakstomatologia.pl\/wp-content\/uploads\/2025\/04\/Dodaj-naglowek-2.png","contentUrl":"https:\/\/poltorakstomatologia.pl\/wp-content\/uploads\/2025\/04\/Dodaj-naglowek-2.png","width":940,"height":788,"caption":"Gabinet stomatologiczno-protetyczny Konrad P\u00f3\u0142torak"},"image":{"@id":"https:\/\/poltorakstomatologia.pl\/#\/schema\/logo\/image\/"},"sameAs":["https:\/\/www.facebook.com\/PoltorakStomatologia","https:\/\/www.instagram.com\/konradpoltorak.dr\/"]}]}},"_links":{"self":[{"href":"https:\/\/poltorakstomatologia.pl\/index.php\/wp-json\/wp\/v2\/pages\/9","targetHints":{"allow":["GET"]}}],"collection":[{"href":"https:\/\/poltorakstomatologia.pl\/index.php\/wp-json\/wp\/v2\/pages"}],"about":[{"href":"https:\/\/poltorakstomatologia.pl\/index.php\/wp-json\/wp\/v2\/types\/page"}],"author":[{"embeddable":true,"href":"https:\/\/poltorakstomatologia.pl\/index.php\/wp-json\/wp\/v2\/users\/1"}],"replies":[{"embeddable":true,"href":"https:\/\/poltorakstomatologia.pl\/index.php\/wp-json\/wp\/v2\/comments?post=9"}],"version-history":[{"count":4,"href":"https:\/\/poltorakstomatologia.pl\/index.php\/wp-json\/wp\/v2\/pages\/9\/revisions"}],"predecessor-version":[{"id":108,"href":"https:\/\/poltorakstomatologia.pl\/index.php\/wp-json\/wp\/v2\/pages\/9\/revisions\/108"}],"wp:featuredmedia":[{"embeddable":true,"href":"https:\/\/poltorakstomatologia.pl\/index.php\/wp-json\/wp\/v2\/media\/48"}],"wp:attachment":[{"href":"https:\/\/poltorakstomatologia.pl\/index.php\/wp-json\/wp\/v2\/media?parent=9"}],"curies":[{"name":"wp","href":"https:\/\/api.w.org\/{rel}","templated":true}]}}

<!-- This site is optimized with the Yoast SEO plugin v27.1.1 - https://yoast.com/product/yoast-seo-wordpress/ -->
<title>Lokalizacja - Gabinet stomatologiczno-protetyczny</title>
<meta name="description" content="Umów wizytę u stomatologa w Kielcach. Sprawdź adres, mapkę dojazdu, godziny otwarcia." />
<meta name="robots" content="index, follow, max-snippet:-1, max-image-preview:large, max-video-preview:-1" />
<link rel="canonical" href="https://poltorakstomatologia.pl/index.php/kontakt-gabinet-stomatologiczny-kielce/" />
<meta property="og:locale" content="pl_PL" />
<meta property="og:type" content="article" />
<meta property="og:title" content="Lokalizacja - Gabinet stomatologiczno-protetyczny" />
<meta property="og:description" content="Umów wizytę u stomatologa w Kielcach. Sprawdź adres, mapkę dojazdu, godziny otwarcia." />
<meta property="og:url" content="https://poltorakstomatologia.pl/index.php/kontakt-gabinet-stomatologiczny-kielce/" />
<meta property="og:site_name" content="Gabinet stomatologiczno-protetyczny" />
<meta property="article:publisher" content="https://www.facebook.com/PoltorakStomatologia" />
<meta property="article:modified_time" content="2025-04-18T10:33:13+00:00" />
<meta property="og:image" content="https://poltorakstomatologia.pl/wp-content/uploads/2018/03/MG_9501-1024x683.jpg" />
	<meta property="og:image:width" content="1024" />
	<meta property="og:image:height" content="683" />
	<meta property="og:image:type" content="image/jpeg" />
<meta name="twitter:card" content="summary_large_image" />
<meta name="twitter:label1" content="Szacowany czas czytania" />
	<meta name="twitter:data1" content="1 minuta" />
<script type="application/ld+json" class="yoast-schema-graph">{"@context":"https://schema.org","@graph":[{"@type":"WebPage","@id":"https://poltorakstomatologia.pl/index.php/kontakt-gabinet-stomatologiczny-kielce/","url":"https://poltorakstomatologia.pl/index.php/kontakt-gabinet-stomatologiczny-kielce/","name":"Lokalizacja - Gabinet stomatologiczno-protetyczny","isPartOf":{"@id":"https://poltorakstomatologia.pl/#website"},"primaryImageOfPage":{"@id":"https://poltorakstomatologia.pl/index.php/kontakt-gabinet-stomatologiczny-kielce/#primaryimage"},"image":{"@id":"https://poltorakstomatologia.pl/index.php/kontakt-gabinet-stomatologiczny-kielce/#primaryimage"},"thumbnailUrl":"https://poltorakstomatologia.pl/wp-content/uploads/2018/03/MG_9501.jpg","datePublished":"2018-03-22T07:30:22+00:00","dateModified":"2025-04-18T10:33:13+00:00","description":"Umów wizytę u stomatologa w Kielcach. Sprawdź adres, mapkę dojazdu, godziny otwarcia.","breadcrumb":{"@id":"https://poltorakstomatologia.pl/index.php/kontakt-gabinet-stomatologiczny-kielce/#breadcrumb"},"inLanguage":"pl-PL","potentialAction":[{"@type":"ReadAction","target":["https://poltorakstomatologia.pl/index.php/kontakt-gabinet-stomatologiczny-kielce/"]}]},{"@type":"ImageObject","inLanguage":"pl-PL","@id":"https://poltorakstomatologia.pl/index.php/kontakt-gabinet-stomatologiczny-kielce/#primaryimage","url":"https://poltorakstomatologia.pl/wp-content/uploads/2018/03/MG_9501.jpg","contentUrl":"https://poltorakstomatologia.pl/wp-content/uploads/2018/03/MG_9501.jpg","width":5616,"height":3744,"caption":"gabinet dentysta Konrad Półtorak Kielce"},{"@type":"BreadcrumbList","@id":"https://poltorakstomatologia.pl/index.php/kontakt-gabinet-stomatologiczny-kielce/#breadcrumb","itemListElement":[{"@type":"ListItem","position":1,"name":"Strona główna","item":"https://poltorakstomatologia.pl/"},{"@type":"ListItem","position":2,"name":"Lokalizacja"}]},{"@type":"WebSite","@id":"https://poltorakstomatologia.pl/#website","url":"https://poltorakstomatologia.pl/","name":"Dentysta Kielce – Konrad Półtorak | Stomatologia & Protetyka","description":"Dr n. med. Konrad Półtorak","publisher":{"@id":"https://poltorakstomatologia.pl/#organization"},"potentialAction":[{"@type":"SearchAction","target":{"@type":"EntryPoint","urlTemplate":"https://poltorakstomatologia.pl/?s={search_term_string}"},"query-input":{"@type":"PropertyValueSpecification","valueRequired":true,"valueName":"search_term_string"}}],"inLanguage":"pl-PL"},{"@type":"Organization","@id":"https://poltorakstomatologia.pl/#organization","name":"Gabinet stomatologiczno-protetyczny Konrad Półtorak","url":"https://poltorakstomatologia.pl/","logo":{"@type":"ImageObject","inLanguage":"pl-PL","@id":"https://poltorakstomatologia.pl/#/schema/logo/image/","url":"https://poltorakstomatologia.pl/wp-content/uploads/2025/04/Dodaj-naglowek-2.png","contentUrl":"https://poltorakstomatologia.pl/wp-content/uploads/2025/04/Dodaj-naglowek-2.png","width":940,"height":788,"caption":"Gabinet stomatologiczno-protetyczny Konrad Półtorak"},"image":{"@id":"https://poltorakstomatologia.pl/#/schema/logo/image/"},"sameAs":["https://www.facebook.com/PoltorakStomatologia","https://www.instagram.com/konradpoltorak.dr/"]}]}</script>
<!-- / Yoast SEO plugin. -->

Umów wizytę u stomatologa w Kielcach. Sprawdź adres, mapkę dojazdu, godziny otwarcia.

gabinet dentysta Konrad Półtorak Kielce

Strona główna

Dentysta Kielce – Konrad Półtorak | Stomatologia & Protetyka

Dr n. med. Konrad Półtorak

Gabinet stomatologiczno-protetyczny Konrad Półtorak
